{"id":444,"date":"2026-04-03T00:14:39","date_gmt":"2026-04-03T00:14:39","guid":{"rendered":"https:\/\/zuttix.com\/?p=444"},"modified":"2026-04-03T00:14:39","modified_gmt":"2026-04-03T00:14:39","slug":"app-to-clean-phone-memory","status":"publish","type":"revidia_lp","link":"https:\/\/zuttix.com\/hu\/aplicativo-para-limpar-a-memoria-do-celular\/","title":{"rendered":"Alkalmaz\u00e1s a telefon mem\u00f3ri\u00e1j\u00e1nak tiszt\u00edt\u00e1s\u00e1ra"},"content":{"rendered":"<h2>Bevezet\u00e9s<\/h2>\n<p>A j\u00f3 teljes\u00edtm\u00e9ny\u0171 \u00e9s szabad mem\u00f3ri\u00e1val rendelkez\u0151 mobiltelefon fenntart\u00e1sa elengedhetetlen a gyorsabb \u00e9s hat\u00e9konyabb felhaszn\u00e1l\u00f3i \u00e9lm\u00e9nyhez. Id\u0151vel ideiglenes f\u00e1jlok, gyors\u00edt\u00f3t\u00e1rak \u00e9s felesleges alkalmaz\u00e1sok halmoz\u00f3dhatnak fel, lelass\u00edtva az eszk\u00f6zt \u00e9s akad\u00e1lyozva a fontos feladatok v\u00e9grehajt\u00e1s\u00e1t. <b>alkalmaz\u00e1s a telefon mem\u00f3ri\u00e1j\u00e1nak tiszt\u00edt\u00e1s\u00e1hoz<\/b> Ide\u00e1lis megold\u00e1s a helykihaszn\u00e1l\u00e1s optimaliz\u00e1l\u00e1s\u00e1ra \u00e9s az eszk\u00f6z teljes\u00edtm\u00e9ny\u00e9nek praktikus \u00e9s gyors jav\u00edt\u00e1s\u00e1ra.<\/p>\n<p>Ezenk\u00edv\u00fcl ezek az alkalmaz\u00e1sok nemcsak helyet szabad\u00edtanak fel, hanem seg\u00edtenek a f\u00e1jlok rendszerez\u00e9s\u00e9ben, a mem\u00f3riahaszn\u00e1lat figyel\u00e9s\u00e9ben \u00e9s a telefon z\u00f6kken\u0151mentesebb m\u0171k\u00f6d\u00e9s\u00e9nek biztos\u00edt\u00e1s\u00e1ban is. Egy <b>alkalmaz\u00e1s a telefon mem\u00f3ri\u00e1j\u00e1nak tiszt\u00edt\u00e1s\u00e1hoz<\/b>, Ez lehet\u0151v\u00e9 teszi a felhaszn\u00e1l\u00f3 sz\u00e1m\u00e1ra, hogy eszk\u00f6z\u00e9t naprak\u00e9szen \u00e9s hat\u00e9konyan tartsa, elker\u00fclve az \u00f6sszeoml\u00e1sokat \u00e9s a teljes\u00edtm\u00e9nyprobl\u00e9m\u00e1kat, m\u00e9g r\u00e9gebbi vagy kisebb t\u00e1rhelykapacit\u00e1s\u00fa eszk\u00f6z\u00f6k\u00f6n is.<\/p>\n<h2>Az alkalmaz\u00e1sok el\u0151nyei<\/h2>\n<p><i class=\"fas fa-check\" style=\"color: green;\"><\/i><strong> Gyors t\u00e9rkiold\u00e1s <\/strong><\/p>\n<p>Egy j\u00f3 <b>alkalmaz\u00e1s a telefon mem\u00f3ri\u00e1j\u00e1nak tiszt\u00edt\u00e1s\u00e1hoz<\/b> Lehet\u0151v\u00e9 teszi a felesleges f\u00e1jlok, gyors\u00edt\u00f3t\u00e1rak \u00e9s ideiglenes adatok gyors elt\u00e1vol\u00edt\u00e1s\u00e1t, k\u00f6nnyed\u00e9n felszabad\u00edtva a helyet. Ez megakad\u00e1lyozza az eszk\u00f6z t\u00falterhel\u00e9s\u00e9t \u00e9s lelassul\u00e1s\u00e1t, \u00edgy z\u00f6kken\u0151mentesebb teljes\u00edtm\u00e9nyt ny\u00fajt a napi feladatokban.<\/p>\n<p><i class=\"fas fa-check\" style=\"color: green;\"><\/i><strong> Teljes\u00edtm\u00e9nyoptimaliz\u00e1l\u00e1s <\/strong><\/p>\n<p>A hely felszabad\u00edt\u00e1sa mellett ezek az alkalmaz\u00e1sok seg\u00edtenek jav\u00edtani a telefon teljes\u00edtm\u00e9ny\u00e9t az\u00e1ltal, hogy bez\u00e1rj\u00e1k a h\u00e1tt\u00e9rfolyamatokat \u00e9s optimaliz\u00e1lj\u00e1k a RAM-haszn\u00e1latot. Ez\u00e1ltal az eszk\u00f6z gyorsabban reag\u00e1l, megakad\u00e1lyozva a lefagy\u00e1sokat \u00e9s a lassul\u00e1sokat alkalmaz\u00e1sok vagy j\u00e1t\u00e9kok haszn\u00e1lata k\u00f6zben.<\/p>\n<p><i class=\"fas fa-check\" style=\"color: green;\"><\/i><strong> Automatikus tiszt\u00edt\u00e1s <\/strong><\/p>\n<p>Sok alkalmaz\u00e1s automatikus tiszt\u00edt\u00e1si funkci\u00f3t k\u00edn\u00e1l, amely folyamatosan figyeli a felesleges f\u00e1jlokat \u00e9s gyors\u00edt\u00f3t\u00e1rakat, amelyek felhaszn\u00e1l\u00f3i beavatkoz\u00e1s n\u00e9lk\u00fcl elt\u00e1vol\u00edthat\u00f3k. Ez biztos\u00edtja, hogy a telefon id\u0151vel meg\u0151rizze teljes\u00edtm\u00e9ny\u00e9t an\u00e9lk\u00fcl, hogy gyakori manu\u00e1lis tiszt\u00edt\u00e1sra lenne sz\u00fcks\u00e9g.<\/p>\n<p><i class=\"fas fa-check\" style=\"color: green;\"><\/i><strong> Adatv\u00e9delem <\/strong><\/p>\n<p>N\u00e9h\u00e1ny speci\u00e1lis alkalmaz\u00e1s nemcsak a mem\u00f3ri\u00e1t takar\u00edtja meg, hanem az ideiglenes f\u00e1jlok biztons\u00e1gos t\u00f6rl\u00e9s\u00e9vel seg\u00edt megv\u00e9deni az \u00e9rz\u00e9keny inform\u00e1ci\u00f3kat is. Ez megakad\u00e1lyozza a szem\u00e9lyes adatokhoz val\u00f3 jogosulatlan hozz\u00e1f\u00e9r\u00e9st, \u00e9s nagyobb adatv\u00e9delmet biztos\u00edt az eszk\u00f6z haszn\u00e1lata sor\u00e1n.<\/p>\n<p><i class=\"fas fa-check\" style=\"color: green;\"><\/i><strong> K\u00f6nny\u0171 haszn\u00e1lat <\/strong><\/p>\n<p>A legt\u00f6bb <b>alkalmaz\u00e1sok a telefon mem\u00f3ri\u00e1j\u00e1nak tiszt\u00edt\u00e1s\u00e1hoz<\/b> Intuit\u00edv fel\u00fclettel rendelkezik, \u00edgy a tiszt\u00edt\u00e1s \u00e9s az optimaliz\u00e1l\u00e1s b\u00e1rmely felhaszn\u00e1l\u00f3 sz\u00e1m\u00e1ra el\u00e9rhet\u0151. N\u00e9h\u00e1ny kattint\u00e1ssal felszabad\u00edthat t\u00e1rhelyet, figyelemmel k\u00eds\u00e9rheti a teljes\u00edtm\u00e9nyt, \u00e9s hat\u00e9konyan m\u0171k\u00f6dtetheti telefonj\u00e1t.<\/p>\n<h2>Gyakran Ism\u00e9telt K\u00e9rd\u00e9sek<\/h2>\n<div class=\"collapsible\" onclick=\"toggleContent(this)\">\n    <i class=\"fas fa-plus\"><\/i> Mi egy alkalmaz\u00e1s f\u0151 funkci\u00f3ja a mobiltelefon mem\u00f3ria-tiszt\u00edt\u00e1s\u00e1ra?\n<\/div>\n<div class=\"content\">\n<p>Az alkalmaz\u00e1s f\u0151 funkci\u00f3ja a felesleges f\u00e1jlok, gyors\u00edt\u00f3t\u00e1rak \u00e9s ideiglenes adatok elt\u00e1vol\u00edt\u00e1sa, \u00edgy helyet szabad\u00edt fel \u00e9s jav\u00edtja a telefon teljes\u00edtm\u00e9ny\u00e9t.<\/p>\n<\/div>\n<div class=\"collapsible\" onclick=\"toggleContent(this)\">\n    <i class=\"fas fa-plus\"><\/i> Ezek az alkalmaz\u00e1sok k\u00e9pesek fontos f\u00e1jlokat t\u00f6r\u00f6lni?\n<\/div>\n<div class=\"content\">\n<p>Nem, a megb\u00edzhat\u00f3 alkalmaz\u00e1sok a szem\u00e9lyes dokumentumok vagy a l\u00e9tfontoss\u00e1g\u00fa rendszerf\u00e1jlok elt\u00e1vol\u00edt\u00e1sa n\u00e9lk\u00fcl tiszt\u00edtj\u00e1k az ideiglenes f\u00e1jlokat \u00e9s a gyors\u00edt\u00f3t\u00e1rakat.<\/p>\n<\/div>\n<div class=\"collapsible\" onclick=\"toggleContent(this)\">\n    <i class=\"fas fa-plus\"><\/i> Lehets\u00e9ges az automatikus tiszt\u00edt\u00e1sok \u00fctemez\u00e9se?\n<\/div>\n<div class=\"content\">\n<p>Igen, sok alkalmaz\u00e1s k\u00edn\u00e1l automatikus tiszt\u00edt\u00e1si lehet\u0151s\u00e9get be\u00e1ll\u00edtott id\u0151k\u00f6z\u00f6nk\u00e9nt, biztos\u00edtva, hogy a telefon mindig optimaliz\u00e1lva legyen.<\/p>\n<\/div>\n<div class=\"collapsible\" onclick=\"toggleContent(this)\">\n    <i class=\"fas fa-plus\"><\/i> Korl\u00e1tozott mem\u00f3ri\u00e1val rendelkez\u0151 telefonokon is m\u0171k\u00f6dik az alkalmaz\u00e1s?\n<\/div>\n<div class=\"content\">\n<p>Igen, az alkalmaz\u00e1sokat \u00fagy tervezt\u00e9k, hogy korl\u00e1tozott kapacit\u00e1s\u00fa eszk\u00f6z\u00f6k\u00f6n is m\u0171k\u00f6djenek, helyet szabad\u00edtva fel \u00e9s optimaliz\u00e1lva a teljes\u00edtm\u00e9nyt a haszn\u00e1lhat\u00f3s\u00e1g fel\u00e1ldoz\u00e1sa n\u00e9lk\u00fcl.<\/p>\n<\/div>\n<div class=\"collapsible\" onclick=\"toggleContent(this)\">\n    <i class=\"fas fa-plus\"><\/i> Biztons\u00e1gos ezeket az alkalmaz\u00e1sokat haszn\u00e1lni?\n<\/div>\n<div class=\"content\">\n<p>Igen, a megb\u00edzhat\u00f3 alkalmaz\u00e1sok biztos\u00edtj\u00e1k az ideiglenes f\u00e1jlok \u00e9s gyors\u00edt\u00f3t\u00e1rak biztons\u00e1gos elt\u00e1vol\u00edt\u00e1s\u00e1t, v\u00e9dik a szem\u00e9lyes adatokat \u00e9s megakad\u00e1lyozz\u00e1k a fontos inform\u00e1ci\u00f3k elveszt\u00e9s\u00e9nek kock\u00e1zat\u00e1t.<\/p>\n<\/div>","protected":false},"featured_media":447,"template":"","meta":{"mobile-allow":"act","post-descricao":"","texto-interacao":"Qual Op\u00e7\u00e3o Voc\u00ea Deseja?","desativar-content1":"","bt-1":"Baixar Aqui","lk-1":"https:\/\/zuttix.com\/como-baixar-aplicativo-de-limpeza-de-memoria-do-celular\/","bt-2":"Saiba Mais","lk-2":"https:\/\/zuttix.com\/saiba-mais-sobre-aplicativo-de-limpeza-de-memoria-do-celular\/","bt-3":"","lk-3":"","bt-4":"","lk-4":""},"categories":[4],"class_list":{"0":"post-444","1":"revidia_lp","2":"type-revidia_lp","3":"status-publish","4":"has-post-thumbnail","6":"category-aplicativos"},"_links":{"self":[{"href":"https:\/\/zuttix.com\/hu\/wp-json\/wp\/v2\/revidia_lp\/444","targetHints":{"allow":["GET"]}}],"collection":[{"href":"https:\/\/zuttix.com\/hu\/wp-json\/wp\/v2\/revidia_lp"}],"about":[{"href":"https:\/\/zuttix.com\/hu\/wp-json\/wp\/v2\/types\/revidia_lp"}],"wp:featuredmedia":[{"embeddable":true,"href":"https:\/\/zuttix.com\/hu\/wp-json\/wp\/v2\/media\/447"}],"wp:attachment":[{"href":"https:\/\/zuttix.com\/hu\/wp-json\/wp\/v2\/media?parent=444"}],"wp:term":[{"taxonomy":"category","embeddable":true,"href":"https:\/\/zuttix.com\/hu\/wp-json\/wp\/v2\/categories?post=444"}],"curies":[{"name":"munkaf\u00fczet","href":"https:\/\/api.w.org\/{rel}","templated":true}]}}

Alkalmazás a telefon memóriájának tisztítására

<h2>Bevezetés</h2>
<p>A jó teljesítményű és szabad memóriával rendelkező mobiltelefon fenntartása elengedhetetlen a gyorsabb és hatékonyabb felhasználói élményhez. Idővel ideiglenes fájlok, gyorsítótárak és felesleges alkalmazások halmozódhatnak fel, lelassítva az eszközt és akadályozva a fontos feladatok végrehajtását. <b>alkalmazás a telefon memóriájának tisztításához</b> Ideális megoldás a helykihasználás optimalizálására és az eszköz teljesítményének praktikus és gyors javítására.</p>
<p>Ezenkívül ezek az alkalmazások nemcsak helyet szabadítanak fel, hanem segítenek a fájlok rendszerezésében, a memóriahasználat figyelésében és a telefon zökkenőmentesebb működésének biztosításában is. Egy <b>alkalmazás a telefon memóriájának tisztításához</b>, Ez lehetővé teszi a felhasználó számára, hogy eszközét naprakészen és hatékonyan tartsa, elkerülve az összeomlásokat és a teljesítményproblémákat, még régebbi vagy kisebb tárhelykapacitású eszközökön is.</p>
<h2>Az alkalmazások előnyei</h2>
<p><i class="fas fa-check" style="color: green;"></i><strong> Gyors térkioldás </strong></p>
<p>Egy jó <b>alkalmazás a telefon memóriájának tisztításához</b> Lehetővé teszi a felesleges fájlok, gyorsítótárak és ideiglenes adatok gyors eltávolítását, könnyedén felszabadítva a helyet. Ez megakadályozza az eszköz túlterhelését és lelassulását, így zökkenőmentesebb teljesítményt nyújt a napi feladatokban.</p>
<p><i class="fas fa-check" style="color: green;"></i><strong> Teljesítményoptimalizálás </strong></p>
<p>A hely felszabadítása mellett ezek az alkalmazások segítenek javítani a telefon teljesítményét azáltal, hogy bezárják a háttérfolyamatokat és optimalizálják a RAM-használatot. Ezáltal az eszköz gyorsabban reagál, megakadályozva a lefagyásokat és a lassulásokat alkalmazások vagy játékok használata közben.</p>
<p><i class="fas fa-check" style="color: green;"></i><strong> Automatikus tisztítás </strong></p>
<p>Sok alkalmazás automatikus tisztítási funkciót kínál, amely folyamatosan figyeli a felesleges fájlokat és gyorsítótárakat, amelyek felhasználói beavatkozás nélkül eltávolíthatók. Ez biztosítja, hogy a telefon idővel megőrizze teljesítményét anélkül, hogy gyakori manuális tisztításra lenne szükség.</p>
<p><i class="fas fa-check" style="color: green;"></i><strong> Adatvédelem </strong></p>
<p>Néhány speciális alkalmazás nemcsak a memóriát takarítja meg, hanem az ideiglenes fájlok biztonságos törlésével segít megvédeni az érzékeny információkat is. Ez megakadályozza a személyes adatokhoz való jogosulatlan hozzáférést, és nagyobb adatvédelmet biztosít az eszköz használata során.</p>
<p><i class="fas fa-check" style="color: green;"></i><strong> Könnyű használat </strong></p>
<p>A legtöbb <b>alkalmazások a telefon memóriájának tisztításához</b> Intuitív felülettel rendelkezik, így a tisztítás és az optimalizálás bármely felhasználó számára elérhető. Néhány kattintással felszabadíthat tárhelyet, figyelemmel kísérheti a teljesítményt, és hatékonyan működtetheti telefonját.</p>
<h2>Gyakran Ismételt Kérdések</h2>
<div class="collapsible" onclick="toggleContent(this)">
    <i class="fas fa-plus"></i> Mi egy alkalmazás fő funkciója a mobiltelefon memória-tisztítására?
</div>
<div class="content">
<p>Az alkalmazás fő funkciója a felesleges fájlok, gyorsítótárak és ideiglenes adatok eltávolítása, így helyet szabadít fel és javítja a telefon teljesítményét.</p>
</div>
<div class="collapsible" onclick="toggleContent(this)">
    <i class="fas fa-plus"></i> Ezek az alkalmazások képesek fontos fájlokat törölni?
</div>
<div class="content">
<p>Nem, a megbízható alkalmazások a személyes dokumentumok vagy a létfontosságú rendszerfájlok eltávolítása nélkül tisztítják az ideiglenes fájlokat és a gyorsítótárakat.</p>
</div>
<div class="collapsible" onclick="toggleContent(this)">
    <i class="fas fa-plus"></i> Lehetséges az automatikus tisztítások ütemezése?
</div>
<div class="content">
<p>Igen, sok alkalmazás kínál automatikus tisztítási lehetőséget beállított időközönként, biztosítva, hogy a telefon mindig optimalizálva legyen.</p>
</div>
<div class="collapsible" onclick="toggleContent(this)">
    <i class="fas fa-plus"></i> Korlátozott memóriával rendelkező telefonokon is működik az alkalmazás?
</div>
<div class="content">
<p>Igen, az alkalmazásokat úgy tervezték, hogy korlátozott kapacitású eszközökön is működjenek, helyet szabadítva fel és optimalizálva a teljesítményt a használhatóság feláldozása nélkül.</p>
</div>
<div class="collapsible" onclick="toggleContent(this)">
    <i class="fas fa-plus"></i> Biztonságos ezeket az alkalmazásokat használni?
</div>
<div class="content">
<p>Igen, a megbízható alkalmazások biztosítják az ideiglenes fájlok és gyorsítótárak biztonságos eltávolítását, védik a személyes adatokat és megakadályozzák a fontos információk elvesztésének kockázatát.</p>
</div>

Qual Opção Você Deseja?

munkafüzet
